-4*p - m. What is the units digit of z?
1
Suppose 4*w = -l + 1, -5*l + 0*l = -5*w - 105. Suppose l*y = 16*y - 688. Let t = y + 970. What is the tens digit of t?
8
Suppose 5*n = n + 8, -2*v = 3*n - 16. What is the units digit of (1/(-3))/(v/15) + 312?
1
Let z = -760 - -779. What is the thousands digit of -7 + z/(57/4584)?
1
Suppose -93 - 27 = 4*a. What is the tens digit of 5 + (77 - a/5)?
8
Let m be (-3)/(-9)*3*59. Suppose 2*b - 726 = -556. Let a = b + m. What is the hundreds digit of a?
1
What is the units digit of (-21236)/3*(-1386)/616*(-1)/(-3)?
9
Suppose -3*t + 15*t = 903551 + 231709. What is the ten thousands digit of t?
9
Suppose 0 = -5*l - 4*x + 36130, 71*l - 14464 = 69*l - 4*x. What is the tens digit of l?
2
Let y = 138 - 135. What is the tens digit of (-69291)/(-54) - y/18?
8
Let n(j) = j**3 + 59*j**2 - 100*j - 76. What is the units digit of n(-45)?
4
Let c = 191 - 180. Let p(q) = 2*q**2 + 7*q - 11. What is the tens digit of p(c)?
0
Let o be 43 - (-2 + 1)*2. Let p be (3108/(-37))/(1 + 1). Let f = p + o. What is the units digit of f?
3
Suppose 13358 = -28*a - 12430. Let q = 355 - a. What is the tens digit of q?
7
Let y = -56926 - -95053. What is the units digit of y?
7
Let k(f) be the first derivative of -f**4/4 - 2*f**3 - 17*f**2/2 - 3*f - 208. What is the tens digit of k(-8)?
6
Let r(t) = 15*t**2 + 6*t - 446. What is the units digit of r(21)?
5
Suppose -87*l - 3 = -90*l, k - 3411 = 5*l. What is the units digit of k?
6
What is the ten thousands digit of ((-5)/(-2))/(2/(-4))*(-2803 - 114)?
1
Let g(v) = 4*v**2 - 148*v + 820. What is the thousands digit of g(55)?
4
Suppose 0 = 5*x - 3*m - 41, 0*x - 5*x + 5*m = -45. Suppose 14*z - 4*z - 1320 = 0. Suppose z = -v + x*v. What is the tens digit of v?
2
Suppose 53683 + 974 = 5*a + 3*k, 10959 = a - 4*k. What is the ten thousands digit of a?
1
Let x = -26807 - -62423. What is the units digit of x?
6
Let u(s) = -4*s**2 + 14*s - 11. Let l be u(2). What is the tens digit of -671*(-6 - (-5 + l + -1))?
7
Suppose 5*g + 9 = -r + 2*g, 2*r = -4*g - 12. Let i be (-1 - r) + (-1)/2*-10. Suppose 60 = 8*m - i*m. What is the units digit of m?
5
Let k(a) = -40*a**2 - 2*a - 1. Let p be k(2). Let r(t) = t**3 - 13*t**2 + 6*t + 18. Let c be r(9). Let u = p - c. What is the tens digit of u?
8
Suppose -2*r - 5178 = 5*d - 16768, -3*d = r - 6953. What is the hundreds digit of d?
3
Let q = 15 - -160. What is the units digit of ((-138)/15)/((-7)/q) - -2?
2
Let b be 3/((-24)/(-10))*732/305. Suppose -d = 3*d - 20. Suppose -5*n - b*u + 1555 - 345 = 0, -3*n + 726 = d*u. What is the tens digit of n?
4
Let n(g) = 293*g**2 + 148*g - 2022. What is the units digit of n(14)?
8
Suppose 3*p + p = 12. Suppose 4*w = -3*g - 0*g + 351, -w = -p. Let z = -29 + g. What is the units digit of z?
4
Suppose 9*p - 35*p - 61261 + 383011 = 0. What is the ten thousands digit of p?
1
Suppose 2*y = -14*y + 11680. Let h = -409 + y. What is the units digit of h?
1
Let b(c) = 71*c - 1 - 2 + 5 + 79*c + 3*c**2 - 152*c. Suppose -3*n = 2*n + 15, -f + 2*n = -7. What is the units digit of b(f)?
3
Suppose a + 85 = 13. Let r be (-3)/(-2)*a/(-27). Suppose r*v = 59 + 1. What is the tens digit of v?
1
Suppose -s = -q + s - 4, -2*s = -2*q. Suppose 5*r - p - 343 = 0, 0 = 4*r + q*p - 237 - 47. What is the tens digit of r?
6
Let s = -2 + 11. Suppose 0 = -2*l + s*l + 35. What is the units digit of 3 - (l + 14)*-21?
2
Let t = -409 + 412. Suppose t*k - 1639 = 5*j, -27*k + 4*j = -26*k - 558. What is the hundreds digit of k?
5
Suppose -p + 20928 = 5*k, 25*p + 83697 = 29*p + 5*k. What is the tens digit of p?
2
Let a be (-12)/32 - 230615/88. Let n = -1839 - a. What is the hundreds digit of n?
7
Let x(m) = 7*m**2 - 23. Let s(h) = 8*h**2 + h - 24. Let b(p) = 6*s(p) - 7*x(p). Let w be b(7). Let d(z) = 16*z + 25. What is the tens digit of d(w)?
8
What is the thousands digit of (5410 - 11) + 0 + -2?
5
Let i = -2722 - -3598. What is the hundreds digit of i?
8
Let n(j) = -j**2 - 36*j - 23. Suppose -12*h = 3*g - 17*h + 115, 4*g + 130 = 2*h. What is the hundreds digit of n(g)?
1
Suppose 10*c = 25529 + 12551. What is the thousands digit of c?
3
Suppose 359852 = 20*x + 53399 + 11633. What is the ten thousands digit of x?
1
Suppose 9*g = -615409 + 173257. What is the hundreds digit of (-6)/33 + g/(-132)?
3
Suppose 0 = -c + 44 - 44. Suppose c = -9*r + 19*r - 8400. What is the hundreds digit of r?
8
Suppose 4*q + 6*b - b + 19 = 0, 0 = -3*b - 9. Let x(n) = -71*n + 50. What is the hundreds digit of x(q)?
1
Let p be (-9)/2 - (-1)/2. Let u be (p - (-4 + 1))/((-4)/220). What is the units digit of 10/u + (-713)/(-11)?
5
Let i(a) = 61*a**2 - 142*a + 686. What is the thousands digit of i(5)?
1
Let o(i) = 1738*i - 266. What is the tens digit of o(3)?
4
What is the hundreds digit of (-4)/(-44)*4/(-4) + (-468090)/(-77)?
0
What is the tens digit of 198/(-3564) + (-3674973)/(-54)?
5
Let a(m) = -292*m + 1. Suppose -10 = 5*x, 6 = -3*b + 2*x + 7. What is the units digit of a(b)?
3
Let i(c) = 2*c**2 + 174*c + 4164. What is the thousands digit of i(-116)?
0
Let t(s) = 523*s - 2236. What is the hundreds digit of t(15)?
6
Let d(t) = -t**2 - 5*t + 1. Let w be d(-4). Let o(m) be the first derivative of 9*m**2/2 + 2*m + 12. What is the units digit of o(w)?
7
Let q(b) = -775*b**3 - 19*b**2 + 16*b - 2. Let r(i) = 774*i**3 + 21*i**2 - 17*i + 2. Let w(v) = -6*q(v) - 5*r(v). What is the hundreds digit of w(1)?
7
Suppose 0 = -2*p - i - 14, -23 = 3*p + i - 3. What is the units digit of 93 + (p*7)/6?
6
Suppose -3*u = -10*u + 833. Suppose -3*w + u = 11. What is the tens digit of w?
3
Let t = -735 - -738. Suppose t*w + 3*c - 2742 = 0, 0*w - 4*c + 1820 = 2*w. What is the units digit of w?
8
Let m(w) = 23*w**2 + 83*w + 1180. What is the thousands digit of m(-17)?
6
Let m = 62155 + -30794. What is the tens digit of m?
6
Let z(a) = -a + 0*a + 65 + a**2 - 9*a. What is the tens digit of z(24)?
0
Suppose 42 = -0*f - 7*f. Let a be (-3)/6*f - 3. Suppose a = -2*g, 0 = 2*v + g - 130 + 8. What is the tens digit of v?
6
Let g(s) = s**2 - s + 3. Let b be g(0). Let c(t) = t**2 - 1 + 137*t**b - 20*t**3 - 38*t**3. What is the tens digit of c(1)?
7
Suppose 10*u = -0 + 90. Suppose -5*q + 3*m = m - 15, 4*m = -4*q + 12. What is the units digit of -171*(3 - 15/u - q)?
5
Let o be 1059/3 + 1 + 35 + -36. Let a be -1*(-235)/4*4. Let c = o - a. What is the units digit of c?
8
Suppose 3 = 2584*d - 2585*d, -4*d = -o + 22441. What is the units digit of o?
9
What is the tens digit of 247555/45 - (304/72 - 4)?
0
What is the ten thousands digit of (1 + 3430/(-4))*(-11 + 76/(-12))?
1
Suppose 2*w - 2282 = 2*k, w = -2*k + 1019 + 110. What is the thousands digit of w?
1
Let c(l) = -78*l + 33. Let z be c(-9). Let t be 1*(z/(-20))/((-9)/48). Suppose 6*y - 1424 = t. What is the hundreds digit of y?
2
Let k(b) be the third derivative of b**6/120 - b**5/60 + 20*b**2. Let x be k(-2). What is the hundreds digit of (-1)/4 + -19*129/x?
2
Let o = 1526 + 2069. What is the tens digit of o?
9
Suppose -4*m + 105318 = h, -1237*h + 1235*h = 2*m - 52662. What is the hundreds digit of m?
3
Let m be (-97)/(-2) - (-4)/(-8). Let v = 52 - m. Suppose 3*h - v*h + 70 = 0. What is the units digit of h?
0
Let n = -3115 + 6126. What is the thousands digit of n?
3
Let h(x) = -x**3 + 22*x**2 - 27*x + 15. Suppose -4*p + 4*t + 60 = -2*p, -4*p + t + 85 = 0. What is the hundreds digit of h(p)?
2
Suppose 2*w + 1 = -2*z + 3, -4*z - 3*w = -7. Suppose 2*o + 2 - z = 0. What is the tens digit of o - (-6 - 25/5)?
1
Let i(a) = 9*a**2 - 3*a**3 - 3*a**3 + 16 + 5*a**3 - 8*a. Let d be 19 + (9 - (32 + -11)). What is the tens digit of i(d)?
5
Let s = -71 - -71. Suppose s*g = -3*g + 711. What is the hundreds digit of g?
2
Let y = -223 + 216. Let c(p) = -p**3 - 6*p**2 - 6*p - 4. What is the units digit of c(y)?
7
Let v be 6*(13 - 140/12). Let f(q) = 2*q**2 - q - 1. Let b be f(-1). Suppose 2*r - b*w - 290 = 0, -v*r + 5*r + 4*w = -430. What is the tens digit of r?
5
Suppose -42*a = -418333 + 128449. What is the tens digit of a?
0
Let z = -104069 + 178609. What is the hundreds digit of z?
5
Suppose 171 = -6*q + 735. Suppose -99*b + q*b = -1820. What is the tens digit of b?
6
Suppose -5*r = -s - 639 - 140, -3*r = -2*s - 473. Suppose -r = 8*k - 243. What is the units digit of k?
1
Let v(n) = 94*n**3 - 3*n